).
-4
Let b(x) = 4*x**2 - 14*x + 54. Give b(9).
252
Let b(k) = -6*k**2 + 34*k + 17. Calculate b(6).
5
Let g(p) = p**3 + 4*p**2 + 140*p + 737. Give g(-5).
12
Let x(g) = 6*g**2 + 1074*g + 3170. What is x(-176)?
2
Let d(o) = -o**3 + 3*o**2 - 38*o - 86. Calculate d(-2).
10
Let p(j) = -8*j**2 + 504*j + 3459. Give p(-7).
-461
Let b(w) = -w**3 + 44*w**2 + 43. Calculate b(44).
43
Let b(d) = -d**3 - 11*d**2 - 7*d + 55. What is b(-10)?
25
Let l(k) = -28*k**3 + 2630*k**2 + 190*k - 183. Determine l(94).
5
Let o(q) = -5*q**2 - 335*q - 957. What is o(-64)?
3
Let p(h) = 4906*h - 24530. Determine p(5).
0
Let l(r) = r**3 - 41*r**2 + 40*r - 54. Calculate l(40).
-54
Let r(c) = 2*c**2 - 46*c - 224. Give r(27).
-8
Let j(d) = d**3 - 55*d**2 + 727*d - 434. Calculate j(34).
8
Let x(n) = -2*n**3 - 13*n**2 + 6*n - 32. Give x(-7).
-25
Let m(q) = -q**2 + 351*q - 1404. Determine m(4).
-16
Let w(g) = g**3 - 33*g**2 + 14*g - 467. Calculate w(33).
-5
Let f(j) = -5*j**2 + 2*j - 9. What is f(4)?
-81
Let w(c) = c**3 + 15*c**2 + 6*c - 26. Determine w(-13).
234
Let t(x) = 43*x + 318. Give t(-5).
103
Let i(q) = q**3 + 47*q**2 - 51*q - 2390. Calculate i(-47).
7
Let r(n) = n**2 - 60*n + 506. Determine r(16).
-198
Let a(p) = -2*p**3 + 12*p**2 + 25*p - 8. What is a(9)?
-269
Let g(t) = -4*t**3 - 5*t + 23. Determine g(3).
-100
Let p(m) = m**3 - 6*m**2 - 137*m + 875. Give p(6).
53
Let h(q) = -5*q - 626. What is h(-128)?
14
Let f(o) = o**3 - 15*o**2 - 64*o - 109. Determine f(19).
119
Let u(p) = 42*p + 5169. What is u(-123)?
3
Let y(r) = 12*r**3 + 95*r**2 - 19. Determine y(-8).
-83
Let d(a) = a**3 - 20*a**2 + 39*a - 25. What is d(19)?
355
Let k(d) = -3*d**2 - 43*d - 77. Calculate k(-13).
-25
Let d(b) = 15*b + 199. Determine d(-9).
64
Let a(x) = -99*x + 29001. Give a(293).
-6
Let s(o) = 406*o + 578. Calculate s(-1).
172
Let z(m) = -m**2 + 61*m - 760. Determine z(26).
150
Let n(l) = 993*l + 5958. What is n(-6)?
0
Let d(h) = h**2 - 117*h - 5877. Give d(155).
13
Let z(a) = -a**3 - 35*a**2 - 278*a + 4. Determine z(-12).
28
Let f(q) = -379*q + 2265. Calculate f(6).
-9
Let z(m) = 3*m**3 + 22*m**2 + 16*m + 74. Determine z(-7).
11
Let u(d) = -2*d**3 - 16*d**2 + 113*d - 1. Calculate u(-13).
220
Let p(g) = 2*g**3 - 3*g**2 - 172*g + 347. Calculate p(2).
7
Let n(z) = -3*z**3 - 45*z**2 - 35*z + 145. Calculate n(-14).
47
Let t(x) = -x**3 + 32*x**2 - 77*x + 1402. Give t(31).
-24
Let c(m) = -m**2 - 21*m + 129. Calculate c(-26).
-1
Let u(z) = z**3 + 9*z**2 - 69*z - 576. Calculate u(-10).
14
Let l(i) = i**3 - 6*i**2 + 25*i - 4. Calculate l(6).
146
Let c(a) = -94*a + 15794. Calculate c(168).
2
Let t(w) = 2*w**3 + 7*w**2 + 11*w - 3. Determine t(-2).
-13
Let s(o) = -2*o**2 + 1566*o - 10892. Calculate s(7).
-28
Let r(i) = 118*i - 2. Determine r(0).
-2
Let r(k) = -k**3 - 92*k**2 - 93*k - 219. Give r(-91).
-37
Let n(j) = 14*j**2 - 376*j + 984. Give n(24).
24
Let w(r) = -r**2 + 417*r + 16778. Determine w(-37).
-20
Let q(v) = v**2 - 60*v - 9093. What is q(-70)?
7
Let p(d) = 197*d - 182. Give p(1).
15
Let j(b) = 5*b**2 + 233*b - 2179. Give j(8).
5
Let x(y) = 30*y**2 - 841*y + 842. What is x(1)?
31
Let g(h) = 47*h - 219. Calculate g(7).
110
Let s(g) = g**3 - 6*g**2 + 13*g - 64. Give s(6).
14
Let v(f) = -f**3 + 58*f - 113. What is v(2)?
-5
Let k(o) = -o**2 + 27*o + 4505. Calculate k(-55).
-5
Let o(k) = -114*k - 2441. What is o(-22)?
67
Let h(z) = -62*z**2 - 5083*z + 34. Calculate h(-82).
-48
Let l(p) = 2*p**3 + 16*p**2 - 13*p - 46. Calculate l(-8).
58
Let n(x) = -3*x**3 + 113*x**2 + 31*x + 277. Give n(38).
11
Let g(z) = -36*z + 55. Calculate g(2).
-17
Let r(h) = -h**3 - 6*h**2 + 9*h - 34. Calculate r(-8).
22
Let a(q) = -2*q**2 + 52*q + 42. Calculate a(26).
42
Let u(p) = -730*p - 1465. Give u(-2).
-5
Let u(j) = j**2 + 1012*j + 6072. What is u(-6)?
36
Let a(r) = -113*r**3 - 2*r**2 + 28*r - 27. What is a(1)?
-114
Let a(x) = -2*x**2 + 371*x + 3106. Calculate a(-8).
10
Let h(l) = 5*l**3 + 157*l**2 + 30*l - 982. Give h(-31).
10
Let f(p) = -105*p**2 - 1679*p + 36. Give f(-16).
20
Let h(p) = -933*p + 1873. What is h(2)?
7
Let m(d) = 774*d - 55696. Calculate m(72).
32
Let s(g) = -g**2 + 41*g - 9. Determine s(41).
-9
Let z(b) = -b**3 + 232*b**2 - 224*b - 1611. Give z(231).
6
Let s(x) = -2*x**2 + 14*x - 19. What is s(7)?
-19
Let l(t) = -t**3 + 65*t**2 + 126*t + 258. Give l(67).
-278
Let o(t) = t**3 - 43*t**2 + 45*t - 199. What is o(42)?
-73
Let d(s) = 21*s**2 + 2*s - 581. Give d(0).
-581
Let g(k) = -k**3 + 6*k**2 + 60*k - 374. Give g(7).
-3
Let y(d) = 278*d - 3890. Determine y(14).
2
Let s(j) = 557*j - 18929. Determine s(34).
9
Let p(h) = -4*h**3 - 4*h**2 - h - 56. Give p(-4).
140
Let d(p) = -20*p**2 - 22*p + 44. What is d(2)?
-80
Let o(f) = 56*f - 275. Determine o(6).
61
Let t(s) = s**2 - 82*s + 1687. Give t(36).
31
Let w(c) = -c**2 - 122*c + 4379. Give w(-151).
0
Let w(o) = 157*o + 796. Determine w(-5).
11
Let l(f) = 8*f + 592. What is l(-74)?
0
Let p(d) = 262*d + 1355. What is p(-5)?
45
Let b(t) = -10*t**2 + 99*t - 155. Give b(8).
-3
Let x(b) = -b**2 - 12*b + 328. Determine x(-27).
-77
Let h(c) = -c**3 - 25*c**2 + 22*c - 93. Determine h(-26).
11
Let u(f) = -967*f - 99608. Calculate u(-103).
-7
Let c(f) = -26*f + 101. Calculate c(17).
-341
Let i(j) = 3*j**3 + 15*j**2 + 90*j + 122. What is i(-2)?
-22
Let r(x) = -x**3 - 51*x**2 - x - 64. Calculate r(-51).
-13
Let v(x) = 3440*x - 6874. Determine v(2).
6
Let d(t) = t**3 + 7*t**2 - 30*t - 15. Give d(-10).
-15
Let a(o) = -3*o**2 - 144*o - 835. Calculate a(-7).
26
Let r(o) = -361*o - 2674. What is r(-8)?
214
Let p(a) = -38*a + 3119. Calculate p(84).
-73
Let b(t) = 343*t**2 - 1719*t + 4. Determine b(5).
-16
Let d(z) = 10*z - 22. What is d(21)?
188
Let n(c) = 51*c + 1695. Give n(-24).
471
Let k(a) = a**2 + 107*a + 2709. Give k(-66).
3
Let k(v) = 58*v**2 - 550*v + 684. Calculate k(8).
-4
Let h(s) = -2*s + 157. What is h(39)?
79
Let d(c) = 3*c**3 + 83*c**2 + 51*c - 86. Determine d(-27).
-5
Let w(o) = -110*o**2 + 1852*o + 304. Determine w(17).
-2
Let y(g) = -g**3 + 9*g**2 + 73*g - 105. Give y(-6).
-3
Let p(z) = z**3 + 12*z**2 + 88. Give p(-11).
209
Let p(d) = d - 58. Calculate p(-3).
-61
Let t(k) = 88*k + 4705. Determine t(-54).
-47
Let j(q) = -q**3 - 6*q**2 + 3*q + 17. Calculate j(-5).
-23
Let o(i) = 2*i**2 + 336*i + 3459. Determine o(-157).
5
Let l(a) = 80*a**2 - 1365*a + 12. Give l(17).
-73
Let a(m) = -6*m**3 + 108*m**2 + 6*m - 12. Calculate a(18).
96
Let u(o) = 8*o**2 - 8*o - 54. What is u(-4)?
106
Let i(a) = -3*a**2 + 14*a + 18. Calculate i(8).
-62
Let f(r) = 6*r**2 - 26*r - 138. Determine f(-6).
234
Let t(q) = q**3 - 47*q**2 + 90*q - 75. Calculate t(45).
-75
Let y(x) = -x**3 - 95*x**2 + 1047*x - 17. What is y(10)?
-47
Let i(l) = -5*l**2 + 16*l + 19. Give i(-7).
-338
Let i(c) = -168*c + 327. Give i(2).
-9
Let i(k) = 2*k**2 - 296*k + 4145. Determine i(133).
155
Let g(w) = 8*w - 54. Calculate g(-26).
-262
Let y(o) = o**3 - 16*o**2 - 16*o + 19. Calculate y(16).
-237
Let f(d) = 70*d + 3786. Determine f(-54).
6
Let p(f) = f**3 + 4*f**2 - 61*f + 13. Calculate p(6).
7
Let c(f) = f**3 - 51*f**2 + 47*f + 141. Determine c(50).
-9
Let i(d) = d**3 + 137*d**2 + 2800*d + 192. Calculate i(-112).
192
Let j(s) = 2*s**2 - 26*s - 3. What is j(14)?
25
Let t(y) = -y**3 - 57*y**2 + 93*y + 2025. Give t(-58).
-5
Let z(l) = -18*l + 35. Calculate z(-15).
305
Let n(j) = 52*j + 1079. Give n(-21).
-13
Let b(u) = -67*u + 2616. Give b(39).
3
Let b(o) = -62*o**3 + 10*o**2 + 2*o + 2. Determine b(-1).
72
Let s(c) = 440*c + 12750. Determine s(-29).
-10
Let p(s) = -37*s - 489. Calculate p(-17).
140
Let o(w) = -21*w - 895. Calculate o(-44).
29
Let c(d) = d**3 - 4*d**2 - 464*d + 2319. Give c(5).
24
Let g(t) = 2*t**3 + 382*t**2 + 1125*t - 598. Calculate g(-188).
-34
Let c(r) = -182*r + 761. Determine c(4).
33
Let d(x) = -2*x**3 + 15*x**2 + 51*x - 395. Determine d(7).
11
Let t(j) = -2*j**3 + 17*j**2 + 8*j - 60. Determine t(8).
68
Let k(g) = 1537*g + 1538. What is k(-1)?
1
Let a(y) = -871*y + 3494. Determine a(4).
10
Let p(r) = r**3 + 34*r**2 + 66*r + 28. Determine p(-32).
-36
Let n(a) = -2*a**2 - 21*a + 87. Determine n(-23).
-488
Let g(c) = 52*c**3 - 6*c**2 + 38*c - 68. What is g(2)?
400
Let i(t) = -520*t + 1031. Determine i(2).
-9
Let v(k) = k**2 + 62*k + 411. Give v(-56).
75
Let a(g) = -2*g**3 + 23*g**2 - 43*g. Give 